greatest common factor of 174432 and 161160?
1896
What is the greatest common factor of 4807 and 23?
23
What is the greatest common divisor of 208 and 11104?
16
Calculate the greatest common divisor of 464 and 60262.
58
What is the highest common divisor of 85 and 118915?
85
Calculate the highest common factor of 533 and 144402.
41
What is the highest common factor of 644 and 97842?
46
Calculate the highest common divisor of 12875 and 1339.
103
What is the highest common factor of 4347 and 1647?
27
Calculate the greatest common factor of 3240 and 1770.
30
What is the greatest common divisor of 1294 and 379789?
647
Calculate the greatest common factor of 25 and 18895.
5
What is the highest common factor of 2804 and 4?
4
What is the greatest common divisor of 170298 and 342?
18
What is the greatest common factor of 56 and 25508?
28
What is the greatest common factor of 126395 and 25?
5
Calculate the highest common factor of 891 and 143.
11
Calculate the greatest common divisor of 3556 and 134036.
28
Calculate the greatest common factor of 2128 and 194864.
304
What is the highest common factor of 6554884 and 28?
28
What is the greatest common divisor of 26 and 73086?
26
What is the greatest common factor of 5637579 and 111?
111
Calculate the greatest common factor of 96 and 43872.
96
Calculate the highest common factor of 1258 and 5254.
74
Calculate the greatest common factor of 3185 and 74235.
245
Calculate the highest common factor of 30 and 10446.
6
Calculate the greatest common divisor of 3354 and 26273.
559
What is the highest common divisor of 5844 and 108?
12
What is the highest common factor of 341 and 624743?
31
Calculate the highest common divisor of 2078091 and 657.
657
Calculate the greatest common divisor of 831232 and 2292.
764
Calculate the greatest common divisor of 320 and 60560.
80
Calculate the greatest common divisor of 4466 and 1749.
11
What is the greatest common divisor of 2031 and 1062213?
2031
Calculate the greatest common factor of 7 and 70077.
7
What is the highest common factor of 13 and 140621?
13
What is the highest common divisor of 129800 and 440?
440
Calculate the highest common factor of 306 and 26064.
18
Calculate the greatest common factor of 35 and 6600.
5
What is the highest common factor of 83952 and 468?
36
What is the highest common divisor of 284 and 5396?
284
Calculate the highest common divisor of 49299 and 3.
3
What is the highest common factor of 23814 and 154?
14
Calculate the highest common factor of 918057 and 42.
21
Calculate the highest common divisor of 56 and 94157.
7
Calculate the highest common factor of 1963 and 806.
13
What is the highest common divisor of 518 and 208014?
74
What is the greatest common divisor of 2392 and 20800?
104
Calculate the highest common factor of 26656 and 374.
34
Calculate the greatest common divisor of 1449180 and 144.
36
What is the greatest common factor of 24893 and 1023?
341
Calculate the highest common factor of 124464 and 4.
4
Calculate the highest common factor of 24 and 3717.
3
What is the greatest common factor of 25154597 and 13?
13
What is the greatest common factor of 1659 and 3003?
21
Calculate the greatest common divisor of 43513 and 2279.
53
What is the highest common factor of 87137 and 16037?
79
Calculate the greatest common factor of 238095 and 165.
165
Calculate the greatest common divisor of 16 and 103856.
16
What is the greatest common divisor of 12483 and 558?
9
Calculate the highest common factor of 1296 and 64.
16
Calculate the greatest common factor of 15486 and 493.
29
What is the greatest common factor of 34364 and 27264?
284
Calculate the highest common factor of 11 and 223927.
11
Calculate the highest common factor of 312 and 2470056.
24
What is the greatest common factor of 11750 and 3500?
250
What is the greatest common divisor of 292 and 3381214?
146
Calculate the greatest common divisor of 20 and 552070.
10
What is the highest common factor of 728 and 19838?
182
Calculate the highest common factor of 2139 and 1488.
93
Calculate the greatest common divisor of 203 and 363167.
203
Calculate the highest common divisor of 15960 and 1862.
266
What is the highest common divisor of 158 and 137065?
79
What is the highest common factor of 872 and 100?
4
What is the greatest common divisor of 31647 and 693?
231
Calculate the greatest common factor of 1642732 and 546.
182
What is the greatest common factor of 1540 and 96635?
385
Calculate the greatest common factor of 2114 and 7550.
302
Calculate the highest common factor of 364 and 87178.
182
Calculate the greatest common divisor of 2205625 and 125.
125
Calculate the greatest common divisor of 924692 and 19228.
1748
What is the greatest common factor of 324367 and 277?
277
Calculate the highest common factor of 772 and 967509.
193
Calculate the highest common divisor of 96945 and 276.
69
What is the greatest common divisor of 17277 and 51441?
39
What is the greatest common factor of 20253 and 903?
129
What is the highest common divisor of 66 and 161656?
22
Calculate the greatest common divisor of 474 and 78210.
474
Calculate the greatest common factor of 4769341 and 149.
149
Calculate the highest common factor of 18752 and 1758.
586
Calculate the greatest common divisor of 35 and 33845.
35
What is the highest common factor of 474914 and 77?
11
Calculate the highest common divisor of 26244 and 86076.
108
Calculate the greatest common factor of 1938 and 12801.
51
Calculate the highest common divisor of 8528 and 22256.
208
Calculate the greatest common factor of 183 and 324.
3
Calculate the highest common divisor of 60400 and 450.
50
What is the highest common divisor of 4669155 and 475?
95
What is the highest common divisor of 5550 and 29130?
30
What is the highest common factor of 99186 and 1098?
366
What is the greatest common factor of 235505 and 38?
19
What is the highest common factor of 526374 and 18?
18
What is the highest common divisor of 256 and 3688?
8
What is the highest common factor of 8 and 66076?
4
Calculate the greatest common factor of 9 and 6585.
3
What is the greatest common factor of 322 and 1444331?
161
Calculate the greatest common divisor of 16 and 2552848.
16
Calculate the greatest common divisor of 41 and 883304.
41
What is the highest common divisor of 1029685 and 15?
5
What is the highest common divisor of 58104 and 216?
216
Calculate the greatest common divisor of 26 and 920348.
26
Calculate the greatest common factor of 702 and 796419.
351
What is the greatest common divisor of 3368 and 56?
8
What is the highest common factor of 4268368 and 208?
208
What is the highest common factor of 179298 and 144?
18
Calculate the greatest common divisor of 159 and 318371.
53
Calculate the highest common divisor of 49 and 18809.
7
What is the highest common factor of 226075 and 75?
25
Calculate the greatest common factor of 91 and 2249.
13
What is the highest common divisor of 202 and 615898?
202
What is the highest common factor of 48902 and 14?
14
Calculate the greatest common factor of 45720 and 19431.
1143
What is the greatest common divisor of 17985 and 66?
33
What is the greatest common factor of 371502 and 36?
18
Calculate the highest common factor of 196 and 93884.
196
Calculate the highest common divisor of 2109 and 25974.
111
Calculate the greatest common factor of 22 and 1306756.
22
Calculate the highest common divisor of 60974 and 86.
86
What is the greatest common factor of 17150 and 36050?
350
What is the highest common factor of 415509 and 215?
43
Calculate the greatest common divisor of 1146880 and 420.
140
Calculate the highest common factor of 98 and 44842.
14
What is the greatest common factor of 2223365 and 142?
71
Calculate the greatest common divisor of 22547 and 28.
7
Calculate the greatest common divisor of 302614 and 78.
26
What is the highest common factor of 12454 and 615994?
958
What is the greatest common factor of 99 and 2136266?
11
Calculate the highest common factor of 657 and 330471.
657
Calculate the highest common factor of 337323 and 483.
21
Calculate the highest common factor of 475 and 474620.
95
What is the greatest common divisor of 25 and 50885?
5
What is the greatest common factor of 2828 and 144?
4
Calculate the highest common fac